 43?
True
Is 51 a factor of 532185?
True
Is 128568 a multiple of 295?
False
Is 11 a factor of 43308?
False
Is 920231 a multiple of 447?
False
Does 642 divide 7793258?
False
Does 20 divide 11300?
True
Is 93618 a multiple of 6?
True
Is 1986171 a multiple of 239?
False
Does 37 divide 295001?
True
Does 17 divide 8054260?
True
Is 47 a factor of 22748?
True
Does 368 divide 7974560?
True
Is 31 a factor of 388684?
False
Is 6 a factor of 166674?
True
Does 3 divide 61742?
False
Does 1087 divide 11862431?
True
Is 153035 a multiple of 5?
True
Is 6564551 a multiple of 20?
False
Does 102 divide 52494?
False
Is 2928476 a multiple of 188?
True
Is 1094262 a multiple of 50?
False
Is 1825525 a multiple of 17?
False
Does 276 divide 84732?
True
Is 1039654 a multiple of 228?
False
Is 6803137 a multiple of 11?
True
Is 3 a factor of 6625961?
False
Is 206 a factor of 3585018?
True
Does 13 divide 408759?
True
Is 2872779 a multiple of 21?
True
Is 8914784 a multiple of 976?
True
Is 31 a factor of 195083?
True
Is 7846784 a multiple of 16?
True
Is 239551 even?
False
Is 1827 a factor of 8656326?
True
Is 27 a factor of 24698?
False
Does 6 divide 433469?
False
Is 105 a factor of 792960?
True
Is 86947 a multiple of 6?
False
Is 41 a factor of 114964?
True
Is 2316 a factor of 25320828?
True
Does 271 divide 792946?
True
Does 10 divide 76210?
True
Is 51222 a multiple of 2?
True
Is 10 a factor of 58740?
True
Is 10 a factor of 596278?
False
Is 17617392 a multiple of 8?
True
Is 90 a factor of 58822?
False
Is 83 a factor of 843906?
False
Is 1624348 a multiple of 737?
True
Is 2835 a multiple of 5?
True
Does 112 divide 63926?
False
Is 6579 a multiple of 25?
False
Is 322743 a multiple of 3?
True
Is 111 a factor of 28194?
True
Does 591 divide 1701489?
True
Is 492152 a multiple of 15?
False
Is 331574 a multiple of 462?
False
Does 12 divide 268151?
False
Does 323 divide 3385996?
False
Is 5222418 a multiple of 16?
False
Does 31 divide 10889?
False
Is 6 a factor of 487643?
False
Does 8 divide 148082?
False
Is 24 a factor of 116832?
True
Is 1292 a factor of 40052?
True
Is 13 a factor of 48568?
True
Is 20 a factor of 95720?
True
Is 1476552 a multiple of 403?
False
Is 14 a factor of 14268030?
True
Is 9 a factor of 193510?
False
Is 860112 a multiple of 362?
True
Is 4099989 a multiple of 1072?
False
Does 82 divide 12155212?
False
Does 566 divide 66189?
False
Does 2432 divide 3876608?
True
Does 31 divide 106429?
False
Is 48 a factor of 190754?
False
Is 161 a factor of 1829780?
False
Is 434 a factor of 239568?
True
Does 15 divide 7570035?
True
Does 16 divide 151197?
False
Is 13824791 a multiple of 19?
False
Is 818902 a multiple of 14?
True
Is 961100 a multiple of 41?
False
Is 54 a factor of 1242702?
True
Is 720 a factor of 1830960?
True
Is 3926956 a multiple of 341?
True
Does 26 divide 290687?
False
Does 190 divide 948129?
False
Is 7 a factor of 2503485?
False
Does 11 divide 238914?
False
Is 8922 a multiple of 23?
False
Is 22 a factor of 11120978?
True
Is 163602 a multiple of 18?
True
Does 6 divide 3551760?
True
Is 2110021 a multiple of 995?
False
Does 32 divide 26678784?
True
Is 12 a factor of 283140?
True
Is 973332 a multiple of 36?
True
Is 96460 a multiple of 6?
False
Does 36 divide 383436?
True
Is 228 a factor of 13139472?
False
Does 20 divide 1280940?
True
Is 6 a factor of 67288?
False
Does 21 divide 63504?
True
Does 511 divide 17374?
True
Does 47 divide 14004493?
False
Is 46738 a multiple of 9?
False
Does 95 divide 2447960?
True
Does 67 divide 9717010?
True
Is 2634820 a multiple of 148?
False
Is 213 a factor of 1266711?
True
Is 33 a factor of 4934366?
False
Is 86 a factor of 65759?
False
Does 81 divide 1709552?
False
Is 319 a factor of 170415?
False
Does 23 divide 236670?
True
Does 1361 divide 3173852?
True
Is 279 a factor of 5284539?
True
Is 17910 a multiple of 45?
True
Is 24 a factor of 1089864?
True
Is 282 a factor of 2924340?
True
Is 26336 a multiple of 36?
False
Does 715 divide 253238?
False
Is 120535 a multiple of 12?
False
Is 41 a factor of 1034225?
True
Does 20 divide 477920?
True
Is 49 a factor of 958930?
True
Does 17 divide 973692?
True
Does 104 divide 6822712?
True
Is 693 a factor of 1932301?
False
Does 42 divide 391776?
True
Is 43 a factor of 4197207?
False
Does 30 divide 253590?
True
Is 9 a factor of 73277?
False
Is 100 a factor of 2858158?
False
Does 175 divide 1661975?
True
Is 153 a factor of 4024053?
True
Is 236000 a multiple of 59?
True
Is 31 a factor of 1139261?
False
Does 44 divide 322317?
False
Does 47 divide 9730645?
True
Is 175 a factor of 148180?
False
Is 122 a factor of 124380?
False
Does 107 divide 130861?
True
Does 82 divide 5671366?
True
Is 440 a factor of 17600?
True
Does 790 divide 3777343?
False
Is 2489 a multiple of 21?
False
Is 24 a factor of 2465928?
True
Does 6 divide 14078?
False
Is 16 a factor of 747072?
True
Does 254 divide 2253680?
False
Is 21 a factor of 102921?
True
Does 31 divide 121702?
False
Is 405422 a multiple of 28?
False
Is 431 a factor of 12020303?
False
Does 2 divide 570?
True
Is 37 a factor of 1400831?
False
Is 2541532 a multiple of 49?
True
Does 1427 divide 4010082?
False
Is 33 a factor of 1968843?
False
Does 34 divide 3959708?
True
Is 32 a factor of 4173504?
True
Does 294 divide 188688?
False
Is 124 a factor of 2085?
False
Is 1122154 a multiple of 242?
True
Is 93324 a multiple of 42?
True
Does 6 divide 3980646?
True
Is 35721 a multiple of 3?
True
Does 25 divide 5081318?
False
Is 376 a factor of 178600?
True
Does 171 divide 15710967?
True
Is 1776342 a multiple of 63?
False
Does 170 divide 140760?
True
Does 202 divide 727402?
True
Is 551954 a multiple of 19?
False
Does 25 divide 1007694?
False
Is 103 a factor of 794366?
False
Does 230 divide 1034770?
True
Does 9 divide 456577?
False
Is 17524 a multiple of 45?
False
Is 27 a factor of 460377?
True
Is 291072 a multiple of 6?
True
Is 114900 a multiple of 75?
True
Is 13765692 a multiple of 766?
False
Is 7 a factor of 1117823?
True
Is 12 a factor of 7922726?
False
Is 50772 a multiple of 6?
True
Is 10918129 a multiple of 285?
False
Is 23982343 a multiple of 293?
True
Is 1380920 a multiple of 316?
True
Does 13 divide 48081?
False
Is 4851 a multiple of 103?
False
Does 64 divide 48192?
True
Does 1505 divide 22502437?
False
Is 22 a factor of 33330?
True
Is 1007688 a multiple of 2?
True
Is 1988875 a multiple of 11?
False
Does 17 divide 4666040?
False
Is 1288586 a multiple of 37?
False
Does 19 divide 15972?
False
Is 61122 a multiple of 6?
True
Is 64881 a multiple of 3?
True
Is 1934855 a multiple of 289?
True
Does 5 divide 424616?
False
Does 13 divide 2576111?
False
Does 24 divide 14686?
False
Is 608340 a multiple of 6?
True
Is 3342827 a multiple of 141?
False
Does 529 divide 1598638?
True
Is 11 a factor of 272689?
False
Is 465375 a multiple of 125?
True
Is 429550 a multiple of 11?
True
Is 15 a factor of 378945?
True
Is 377595 a multiple of 250?
False
Is 180645 a multiple of 15?
True
Does 378 divide 171315?
False
Is 72 a factor of 5447088?
True
Is 16104 a multiple of 31?
False
Is 9976 even?
True
Is 239061 a multiple of 60?
False
Does 5 divide 132337?
False
Does 8 divide 2579032?
True
Is 17 a factor of 1643560?
True
Does 13 divide 12503868?
True
Is 1317973 a multiple of 127?
False
Is 86670 a multiple of 10?
True
Is 850320 a multiple of 12?
True
Is 8 a factor of 87675?
False
Does 16 divide 11866614?
False
Is 2152658 a multiple of 59?
False
Does 15 divide 84736?
False
Is 773024 a multiple of 17?
True
Is 15 a factor of 1935824?
False
Is 34159486 a multiple of 26?
False
Is 316571 a multiple of 7?
False
Is 1112884 even?
True
Does 13 divide 442479?
False
Is 63397 a multiple of 307?
False
Does 582 divide 752526?
True
Is 32715 a multiple of 45?
True
Does 1633 divide 8908015?
True
Is 101 a factor of 2486234?
False
Is 96 a factor of 11957856?
True
Does 115 divide 9543390?
True
Is 21939358 a multiple of 211?
True
Is 1279227 a multiple of 10?
False
Does 20 divide 4785240?
True
Is 586 a factor of 544266?
False
Is 9 a factor of 214191?
True
Does 21 divide 4604817?
True
Does 11 divide 29205?
True
Does 178 divide 4424368?
True
Does 68 divide 221176?
False
Is 4708816 a multiple of 38?
False
Is 15395296 a multiple of 16?
True
Does 2 divide 80997?
False
Is 411 a factor of 573481?
False
Is 23 a factor of 546129?
False
Is 40